15) in base 13?
-34c30
Convert -e41b (base 16) to base 15.
-12480
Convert -347636 (base 9) to base 11.
-133042
-1623243 (base 8) to base 15
-93ccd
-71023 (base 9) to base 2
-1011011001010101
Convert 1010010011100111111 (base 2) to base 14.
8b115
Convert 130233120233 (base 4) to base 16.
72f62f
Convert -201a43 (base 13) to base 11.
-46a972
What is -3d0500 (base 14) in base 10?
-2113860
-217135 (base 9) to base 10
-129875
-15131032 (base 9) to base 11
-42766a9
What is c3c094 (base 13) in base 11?
263a850
-492502 (base 14) to base 2
-1001100011001101010110
Convert 2111112102221 (base 3) to base 8.
5044211
-1575a22 (base 11) to base 14
-4dd424
What is 13515463 (base 7) in base 9?
2337074
Convert -63067 (base 9) to base 11.
-292a1
323223120 (base 4) to base 3
110102022100
Convert 285843 (base 10) to base 8.
1056223
What is 4640456 (base 7) in base 15?
b736e
What is 5e75 (base 16) in base 11?
17193
What is -13433233 (base 6) in base 15?
-9000c
Convert 4780006 (base 9) to base 2.
1001111000101101110001
Convert -1013162 (base 7) to base 6.
-2332552
bc32b (base 13) to base 11
213292
What is -847da (base 16) in base 12?
-222076
What is -661052 (base 9) in base 12?
-170318
What is -78858 (base 9) in base 13?
-1ab55
What is -28aa5a9 (base 12) in base 10?
-8188113
Convert 314410100 (base 5) to base 11.
825a87
What is -d92be (base 15) in base 11?
-430831
Convert -1320003321 (base 4) to base 15.
-9aa99
Convert -1ee29 (base 16) to base 15.
-2773a
-13302331333 (base 4) to base 16
-1f2f7f
What is -1213210311 (base 4) in base 2?
-1100111100100110101
What is 20102212221202 (base 3) in base 4?
31003212131
Convert -101101111000010001011 (base 2) to base 15.
-1ea69b
Convert -41a61 (base 11) to base 10.
-61172
What is -30324213 (base 5) in base 13?
-87a01
1001001110122 (base 3) to base 10
552194
What is 22951a (base 11) in base 3?
200111022002
276713 (base 13) to base 7
11063531
Convert 151c71 (base 16) to base 5.
323233122
Convert 10340341 (base 5) to base 7.
523446
Convert 138ab03 (base 12) to base 8.
16742663
What is 1011111001100101010 (base 2) in base 16?
5f32a
-112121000 (base 3) to base 6
-121130
24125120 (base 6) to base 13
207021
191807a (base 15) to base 2
1000101110100011100010100
Convert -569104 (base 11) to base 7.
-10460040
-10413030 (base 9) to base 4
-103023201210
Convert -1656513 (base 7) to base 8.
-706551
-20042314 (base 6) to base 16
-8a166
1123210200 (base 4) to base 14
9a98c
-249823 (base 12) to base 2
-10010001110101011011
-1000110001001001100 (base 2) to base 9
-477101
-10000011110000010 (base 2) to base 3
-10102112110
What is 225501053 (base 6) in base 4?
33333110121
-6103145 (base 9) to base 16
-319754
Convert 3143502 (base 6) to base 15.
30858
-3a6c2 (base 14) to base 13
-50737
Convert -1ac662 (base 15) to base 14.
-260739
-20190 (base 11) to base 7
-152004
-211155011 (base 7) to base 14
-1935c41
Convert -438062 (base 13) to base 11.
-995521
What is -101100100110001010111 (base 2) in base 10?
-1461335
What is 3b9447 (base 12) in base 7?
11264362
Convert -9dbcd (base 16) to base 9.
-1184241
3313131012 (base 4) to base 7
11421012
What is 3334324310 (base 5) in base 12?
255b36a
What is 20112 (base 10) in base 15?
5e5c
What is 145025 (base 7) in base 10?
28145
What is 7873432 (base 9) in base 2?
10000001011011000110010
What is 117b57c (base 13) in base 8?
24540050
Convert -1718b (base 16) to base 11.
-65093
a832ae (base 15) to base 12
2823155
What is 11110100210 (base 3) in base 12?
42940
Convert 3427746 (base 9) to base 7.
21501462
What is 301231311232 (base 4) in base 3?
220112010122211
What is 331600 (base 11) in base 9?
885745
What is 2580183 (base 12) in base 11?
4192445
Convert -c3f770 (base 16) to base 5.
-11241432424
What is c370a4 (base 15) in base 16?
8db9da
Convert 1468860 (base 10) to base 13.
3c5763
Convert 34335022 (base 6) to base 15.
15c7b2
546615 (base 7) to base 3
11212200200
What is 1313140 (base 5) in base 7?
135635
Convert -100201210020 (base 3) to base 12.
-92a43
-102303200321 (base 4) to base 13
-1037a26
2aa736 (base 11) to base 8
1656624
What is -134435 (base 13) in base 2?
-1110001111000110100
Convert 504223 (base 7) to base 11.
59288
-116a63 (base 14) to base 6
-20425251
What is -123112332 (base 4) in base 15?
-2330c
What is 42fe1 (base 16) in base 4?
1002333201
Convert -132487 (base 11) to base 16.
-32d57
What is -102221022000012 (base 3) in base 6?
-343545135
94621 (base 12) to base 7
1436560
-1807f1 (base 16) to base 5
-400344042
Convert -1436164 (base 10) to base 3.
-2200222001021
What is -302340324 (base 5) in base 4?
-10220221301
-466351 (base 9) to base 7
-2244661
Convert 100001000101000111 (base 2) to base 6.
2523143
Convert -200a22 (base 12) to base 9.
-840608
What is 439191 (base 11) in base 2?
10101010111110100111
Convert c3c42 (base 15) to base 4.
2113131203
Convert 1403203104 (base 5) to base 13.
97c734
101751 (base 8) to base 14
c441
Convert 632b7 (base 12) to base 5.
13130102
Convert 3023403 (base 5) to base 8.
136733
Convert 1662a9 (base 14) to base 5.
200112300
1332124 (base 5) to base 3
1101021002
What is 980354 (base 15) in base 10?
7240129
4550b6 (base 12) to base 5
240422121
What is 22112110002200 (base 3) in base 6?
241115330
Convert -2ba269 (base 12) to base 3.
-1101202202200
Convert 1110101111110010 (base 2) to base 4.
32233302
Convert 5c726 (base 14) to base 3.
102111120201
Convert -e3ea1 (base 15) to base 3.
-1100200122021
What is bb36 (base 15) in base 8?
115343
What is 275817 (base 10) in base 11?
179253
What is -128373b (base 12) in base 15?
-4c32d5
What is -100100022021 (base 3) in base 7?
-1364146
Convert -331224515 (base 6) to base 15.
-7c650b
120110121020 (base 3) to base 14
7cd31
What is -21012212120020 (base 3) in base 16?
-3a8720
What is -35479c (base 13) in base 5?
-311014114
-13011030 (base 5) to base 15
-273e5
Convert -131276 (base 9) to base 12.
-3a150
What is 43985 (base 14) in base 9?
268584
100111011101011100011 (base 2) to base 16
13bae3
What is -559471 (base 10) in base 4?
-2020211233
What is 521327 (base 10) in base 11?
326754
Convert -627499 (base 10) to base 11.
-3994a4
What is 152601 (base 8) in base 16?
d581
7734a1 (base 12) to base 8
7160771
What is 38917 (base 11) in base 13?
1c45c
-b6476 (base 14) to base 16
-6b678
Convert -46134520 (base 7) to base 16.
-3d6d6b
What is 10122003 (base 5) in base 15?
197bd
Convert -1100010100000000001 (base 2) to base 15.
-7e822
Convert 206c (base 14) to base 16.
15d0
What is -31141517 (base 8) in base 2?
-11001001100001101001111
Convert -43103201 (base 5) to base 15.
-72801
What is 5295e (base 15) in base 2?
111111111101100101
-100013123202 (base 4) to base 12
-14b8a56
What is 120220122211 (base 3) in base 5?
40010342
What is -14023230 (base 5) in base 11?
-97a18
What is 357414 (base 9) in base 3?
101221110111
What is -181103 (base 10) in base 3?
-100012102112
What is 13320220222 (base 4) in base 16?
1f8a2a
Convert 260401623 (base 7) to base 2.
111111000101110001110110
-11112101200 (base 3) to base 10
-89226
What is -ab342 (base 14) in base 11?
-263874
What is -130635 (base 7) in base 8?
-57412
-34005407 (base 8) to base 4
-130000230013
Convert 6860412 (base 9) to base 10.
3700739
-36612024 (base 7) to base 8
-14407126
Convert -44363 (base 7) to base 2.
-10101110100000
Convert -16460b (base 13) to base 14.
-1054a4
Convert -3350525 (base 7) to base 14.
-ab685
-4bc22a (base 16) to base 10
-4964906
Convert 2bb6134 (base 12) to base 11.
5061655
Convert 28632 (base 9) to base 11.
1369a
What is 14fb9 (base 16) in base 10?
85945
What is -2b14 (base 12) in base 16?
-13c0
Convert -422069 (base 11) to base 9.
-1240538
What is 15044661 (base 7) in base 5?
331014401
What is 7534156 (base 9) in base 16?
3d9daf
305365 (base 9) to base 13
64574
What is -3223363 (base 8) in base 14?
-186191
Convert -11101100110000101110101 (base 2) to base 11.
-4419937
-30323453 (base 6) to base 15
-121b53
Convert -2924b (base 12) to base 4.
-32000123
13b715a (base 14) to base 13
1ca7a4c
What is 341412203 (base 5) in base 3?
2211220000220
30114446 (base 7) to base 3
11200120121112
What is 1049051 (base 13) in base 11?
2889212
2c6c54 (base 14) to base 3
2221000210020
Convert -131842 (base 16) to base 9.
-2316527
13243514 (base 6) to base 9
742531
Convert -4100404